{"id":264,"date":"2024-12-11T23:25:12","date_gmt":"2024-12-11T22:25:12","guid":{"rendered":"https:\/\/pf-photographie.com\/?page_id=264"},"modified":"2024-12-26T12:03:19","modified_gmt":"2024-12-26T11:03:19","slug":"corporate","status":"publish","type":"page","link":"https:\/\/pf-photographie.com\/index.php\/corporate\/","title":{"rendered":"Corporate"},"content":{"rendered":"\t\t<div data-elementor-type=\"wp-page\" data-elementor-id=\"264\" class=\"elementor elementor-264\">\n\t\t\t\t<div class=\"elementor-element elementor-element-1b10486 e-flex e-con-boxed e-con e-parent\" data-id=\"1b10486\" data-element_type=\"container\" data-e-type=\"container\">\n\t\t\t\t\t<div class=\"e-con-inner\">\n\t\t\t\t<div class=\"elementor-element elementor-element-8c96767 elementor-widget elementor-widget-image\" data-id=\"8c96767\" data-element_type=\"widget\" data-e-type=\"widget\" data-widget_type=\"image.default\">\n\t\t\t\t<div class=\"elementor-widget-container\">\n\t\t\t\t\t\t\t\t\t\t\t\t\t\t\t<img fetchpriority=\"high\" decoding=\"async\" width=\"1024\" height=\"573\" src=\"https:\/\/pf-photographie.com\/wp-content\/uploads\/2024\/12\/Rallye-1024x573.png\" class=\"attachment-large size-large wp-image-193\" alt=\"\" srcset=\"https:\/\/pf-photographie.com\/wp-content\/uploads\/2024\/12\/Rallye-1024x573.png 1024w, https:\/\/pf-photographie.com\/wp-content\/uploads\/2024\/12\/Rallye-300x168.png 300w, https:\/\/pf-photographie.com\/wp-content\/uploads\/2024\/12\/Rallye-768x430.png 768w, https:\/\/pf-photographie.com\/wp-content\/uploads\/2024\/12\/Rallye-1536x859.png 1536w, https:\/\/pf-photographie.com\/wp-content\/uploads\/2024\/12\/Rallye.png 1766w\" sizes=\"(max-width: 1024px) 100vw, 1024px\" \/>\t\t\t\t\t\t\t\t\t\t\t\t\t\t\t<\/div>\n\t\t\t\t<\/div>\n\t\t\t\t\t<\/div>\n\t\t\t\t<\/div>\n\t\t<div class=\"elementor-element elementor-element-990a864 e-flex e-con-boxed e-con e-parent\" data-id=\"990a864\" data-element_type=\"container\" data-e-type=\"container\">\n\t\t\t\t\t<div class=\"e-con-inner\">\n\t\t\t\t<div class=\"elementor-element elementor-element-b981fc4 elementor-widget elementor-widget-text-editor\" data-id=\"b981fc4\" data-element_type=\"widget\" data-e-type=\"widget\" data-widget_type=\"text-editor.default\">\n\t\t\t\t<div class=\"elementor-widget-container\">\n\t\t\t\t\t\t\t\t\t<div class=\"text-center\" style=\"text-align: center; color: #000000; font-family: Lato, sans-serif; font-size: 16px; font-style: normal; font-variant-ligatures: normal; font-variant-caps: normal; font-weight: 400; background-color: #ffffff;\"><h2 style=\"font-weight: 300; line-height: 1.1; color: inherit; margin-bottom: 10px; font-size: 18px; text-transform: uppercase; display: inline-block; position: relative; padding-bottom: 15px; cursor: pointer; margin-top: 35px !important;\">LA PHOTO : UN MEDIA INDISPENSABLE<\/h2><\/div><p style=\"margin-bottom: 10px; line-height: 1.9; color: #000000; font-family: Lato, sans-serif; font-size: 16px; font-style: normal; font-variant-ligatures: normal; font-variant-caps: normal; font-weight: 400; text-align: justify; background-color: #ffffff;\">La photographie est aujourd\u2019hui\u00a0<span class=\"bold\" style=\"font-weight: bold;\">un m\u00e9dia indispensable de communication<\/span>. En r\u00e9unissant vos clients, partenaires, collaborateurs ou la presse,\u00a0<span class=\"bold\" style=\"font-weight: bold;\">faites de vos \u00e9v\u00e9nements un levier de communication puissant<\/span>\u00a0gr\u00e2ce \u00e0 des images de grande qualit\u00e9.<\/p><p style=\"margin-bottom: 10px; line-height: 1.9; color: #000000; font-family: Lato, sans-serif; font-size: 16px; font-style: normal; font-variant-ligatures: normal; font-variant-caps: normal; font-weight: 400; text-align: justify; background-color: #ffffff;\">En faisant appel \u00e0 mes services,\u00a0<span class=\"bold\" style=\"font-weight: bold;\">je mets \u00e0 votre disposition ma passion et mes comp\u00e9tences<\/span>\u00a0de photographe reportage \u00e9v\u00e9nementiel pour vous offrir des images de qualit\u00e9 professionnelle. En phase avec votre brief, j\u2019apporte ma\u00a0<span class=\"bold\" style=\"font-weight: bold;\">touche de cr\u00e9ativit\u00e9<\/span>\u00a0et vous assure une discr\u00e9tion durant le d\u00e9roulement de votre \u00e9v\u00e9nement pour vous offrir des photos naturelles et spontan\u00e9es.<\/p><p style=\"margin-bottom: 10px; line-height: 1.9; color: #000000; font-family: Lato, sans-serif; font-size: 16px; font-style: normal; font-variant-ligatures: normal; font-variant-caps: normal; font-weight: 400; text-align: justify; background-color: #ffffff;\"><span class=\"bold\" style=\"font-weight: bold;\">Photographe reportage \u00e9v\u00e9nementiel<\/span>, je r\u00e9alise des reportages pour les \u00e9v\u00e9nements de votre entreprise (salons professionnels, conf\u00e9rences, lancement produits, inauguration de nouveaux locaux, s\u00e9minaires, soir\u00e9es institutionnelles, cocktails\u2026).<\/p>\t\t\t\t\t\t\t\t<\/div>\n\t\t\t\t<\/div>\n\t\t\t\t\t<\/div>\n\t\t\t\t<\/div>\n\t\t<div class=\"elementor-element elementor-element-5ffc54cc e-flex e-con-boxed e-con e-parent\" data-id=\"5ffc54cc\" data-element_type=\"container\" data-e-type=\"container\">\n\t\t\t\t\t<div class=\"e-con-inner\">\n\t\t\t\t<div class=\"elementor-element elementor-element-780e7797 elementor-widget-divider--separator-type-pattern elementor-widget-divider--view-line elementor-widget elementor-widget-divider\" data-id=\"780e7797\" data-element_type=\"widget\" data-e-type=\"widget\" data-widget_type=\"divider.default\">\n\t\t\t\t<div class=\"elementor-widget-container\">\n\t\t\t\t\t\t\t<div class=\"elementor-divider\" style=\"--divider-pattern-url: url(&quot;data:image\/svg+xml,%3Csvg xmlns=&#039;http:\/\/www.w3.org\/2000\/svg&#039; preserveAspectRatio=&#039;none&#039; overflow=&#039;visible&#039; height=&#039;100%&#039; viewBox=&#039;0 0 24 24&#039; fill=&#039;none&#039; stroke=&#039;black&#039; stroke-width=&#039;2.5&#039; stroke-linecap=&#039;square&#039; stroke-miterlimit=&#039;10&#039;%3E%3Cpath d=&#039;M0,6c6,0,6,13,12,13S18,6,24,6&#039;\/%3E%3C\/svg%3E&quot;);\">\n\t\t\t<span class=\"elementor-divider-separator\">\n\t\t\t\t\t\t<\/span>\n\t\t<\/div>\n\t\t\t\t\t\t<\/div>\n\t\t\t\t<\/div>\n\t\t\t\t\t<\/div>\n\t\t\t\t<\/div>\n\t\t<div class=\"elementor-element elementor-element-a329abd e-flex e-con-boxed e-con e-parent\" data-id=\"a329abd\" data-element_type=\"container\" data-e-type=\"container\">\n\t\t\t\t\t<div class=\"e-con-inner\">\n\t\t\t\t<div class=\"elementor-element elementor-element-85d7809 elementor-widget elementor-widget-text-editor\" data-id=\"85d7809\" data-element_type=\"widget\" data-e-type=\"widget\" data-widget_type=\"text-editor.default\">\n\t\t\t\t<div class=\"elementor-widget-container\">\n\t\t\t\t\t\t\t\t\t<div class=\"text-center\" style=\"text-align: center; color: #000000; font-family: Lato, sans-serif; font-size: 16px; font-style: normal; font-variant-ligatures: normal; font-variant-caps: normal; font-weight: 400; background-color: #ffffff;\"><h2 style=\"font-weight: 300; line-height: 1.1; color: inherit; margin-bottom: 10px; font-size: 18px; text-transform: uppercase; display: inline-block; position: relative; padding-bottom: 15px; cursor: pointer; margin-top: 35px !important;\">VALORISEZ VOTRE IMAGE<\/h2><\/div><p class=\"text-justify\" style=\"margin-bottom: 10px; line-height: 1.9; text-align: justify; color: #000000; font-family: Lato, sans-serif; font-size: 16px; font-style: normal; font-variant-ligatures: normal; font-variant-caps: normal; font-weight: 400; background-color: #ffffff;\">Vous souhaitez valoriser votre image professionnelle au travers d\u2019un portrait<span style=\"font-weight: bold;\">\u00a0professionnel<\/span>? Vous cherchez \u00e0 mettre en valeur le capital humain de votre entreprise? Vos portraits professionnels vous assurent une communication soign\u00e9e et professionnelle et vous permet de ma\u00eetriser votre image aupr\u00e8s de clients et collaborateurs.<\/p><p class=\"text-justify\" style=\"margin-bottom: 10px; line-height: 1.9; text-align: justify; color: #000000; font-family: Lato, sans-serif; font-size: 16px; font-style: normal; font-variant-ligatures: normal; font-variant-caps: normal; font-weight: 400; background-color: #ffffff;\">Un portrait corporate va bien au-del\u00e0 d\u2019une simple photographie. C\u2019est un outil puissant de communication visuelle qui v\u00e9hicule votre identit\u00e9 professionnelle et renforce votre cr\u00e9dibilit\u00e9. En capturant votre personnalit\u00e9, votre professionnalisme et votre style, un portrait de qualit\u00e9 permet de cr\u00e9er une connexion authentique avec votre audience et de susciter la confiance.<\/p><p class=\"text-justify\" style=\"margin-bottom: 10px; line-height: 1.9; text-align: justify; color: #000000; font-family: Lato, sans-serif; font-size: 16px; font-style: normal; font-variant-ligatures: normal; font-variant-caps: normal; font-weight: 400; background-color: #ffffff;\">Que vous soyez un entrepreneur, un cadre dirigeant ou un membre d\u2019une \u00e9quipe, investir dans des portraits corporate est une d\u00e9marche strat\u00e9gique pour mettre en lumi\u00e8re votre expertise, votre s\u00e9rieux et votre engagement envers vos activit\u00e9s. C\u2019est un moyen efficace de mettre en avant votre professionnalisme et votre valeur ajout\u00e9e au sein de votre domaine d\u2019activit\u00e9.<\/p>\t\t\t\t\t\t\t\t<\/div>\n\t\t\t\t<\/div>\n\t\t\t\t\t<\/div>\n\t\t\t\t<\/div>\n\t\t<div class=\"elementor-element elementor-element-99f7b16 e-flex e-con-boxed e-con e-parent\" data-id=\"99f7b16\" data-element_type=\"container\" data-e-type=\"container\">\n\t\t\t\t\t<div class=\"e-con-inner\">\n\t\t\t\t<div class=\"elementor-element elementor-element-846395b elementor-widget-divider--separator-type-pattern elementor-widget-divider--view-line elementor-widget elementor-widget-divider\" data-id=\"846395b\" data-element_type=\"widget\" data-e-type=\"widget\" data-widget_type=\"divider.default\">\n\t\t\t\t<div class=\"elementor-widget-container\">\n\t\t\t\t\t\t\t<div class=\"elementor-divider\" style=\"--divider-pattern-url: url(&quot;data:image\/svg+xml,%3Csvg xmlns=&#039;http:\/\/www.w3.org\/2000\/svg&#039; preserveAspectRatio=&#039;none&#039; overflow=&#039;visible&#039; height=&#039;100%&#039; viewBox=&#039;0 0 24 24&#039; fill=&#039;none&#039; stroke=&#039;black&#039; stroke-width=&#039;2.5&#039; stroke-linecap=&#039;square&#039; stroke-miterlimit=&#039;10&#039;%3E%3Cpath d=&#039;M0,6c6,0,6,13,12,13S18,6,24,6&#039;\/%3E%3C\/svg%3E&quot;);\">\n\t\t\t<span class=\"elementor-divider-separator\">\n\t\t\t\t\t\t<\/span>\n\t\t<\/div>\n\t\t\t\t\t\t<\/div>\n\t\t\t\t<\/div>\n\t\t\t\t\t<\/div>\n\t\t\t\t<\/div>\n\t\t<div class=\"elementor-element elementor-element-d5fd2b2 e-flex e-con-boxed e-con e-parent\" data-id=\"d5fd2b2\" data-element_type=\"container\" data-e-type=\"container\">\n\t\t\t\t\t<div class=\"e-con-inner\">\n\t\t\t\t<div class=\"elementor-element elementor-element-074241c elementor-widget elementor-widget-text-editor\" data-id=\"074241c\" data-element_type=\"widget\" data-e-type=\"widget\" data-widget_type=\"text-editor.default\">\n\t\t\t\t<div class=\"elementor-widget-container\">\n\t\t\t\t\t\t\t\t\t<div class=\"text-center\" style=\"text-align: center; color: #000000; font-family: Lato, sans-serif; font-size: 16px; font-style: normal; font-variant-ligatures: normal; font-variant-caps: normal; font-weight: 400; background-color: #ffffff;\"><h2 style=\"font-weight: 300; line-height: 1.1; color: inherit; margin-bottom: 10px; font-size: 18px; text-transform: uppercase; display: inline-block; position: relative; padding-bottom: 15px; cursor: pointer; margin-top: 35px !important;\">TARIFS PORTRAIT CORPORATE<\/h2><\/div><p class=\"text-justify\" style=\"margin-bottom: 10px; line-height: 1.9; text-align: justify; color: #000000; font-family: Lato, sans-serif; font-size: 16px; font-style: normal; font-variant-ligatures: normal; font-variant-caps: normal; font-weight: 400; background-color: #ffffff;\">Le tarif de votre s\u00e9ance est ajust\u00e9 en fonction de divers facteurs tels que le nombre de portraits requis, le lieu de la s\u00e9ance, sa dur\u00e9e, etc. Chaque mission est assortie d\u2019un tarif clair et \u00ab\u00a0cl\u00e9 en main\u00a0\u00bb, vous assurant une transparence totale quant aux co\u00fbts engag\u00e9s.<\/p>\t\t\t\t\t\t\t\t<\/div>\n\t\t\t\t<\/div>\n\t\t\t\t\t<\/div>\n\t\t\t\t<\/div>\n\t\t\t\t<\/div>\n\t\t","protected":false},"excerpt":{"rendered":"<p>LA PHOTO : UN MEDIA INDISPENSABLE La photographie est aujourd\u2019hui\u00a0un m\u00e9dia indispensable de communication. En r\u00e9unissant vos clients, partenaires, collaborateurs ou la presse,\u00a0faites de vos \u00e9v\u00e9nements un levier de communication puissant\u00a0gr\u00e2ce \u00e0 des images de grande qualit\u00e9. En faisant appel \u00e0 mes services,\u00a0je mets \u00e0 votre disposition ma passion et mes comp\u00e9tences\u00a0de photographe reportage \u00e9v\u00e9nementiel [&hellip;]<\/p>\n","protected":false},"author":1,"featured_media":0,"parent":0,"menu_order":0,"comment_status":"closed","ping_status":"closed","template":"","meta":{"ocean_post_layout":"","ocean_both_sidebars_style":"","ocean_both_sidebars_content_width":0,"ocean_both_sidebars_sidebars_width":0,"ocean_sidebar":"","ocean_second_sidebar":"","ocean_disable_margins":"enable","ocean_add_body_class":"","ocean_shortcode_before_top_bar":"","ocean_shortcode_after_top_bar":"","ocean_shortcode_before_header":"","ocean_shortcode_after_header":"","ocean_has_shortcode":"","ocean_shortcode_after_title":"","ocean_shortcode_before_footer_widgets":"","ocean_shortcode_after_footer_widgets":"","ocean_shortcode_before_footer_bottom":"","ocean_shortcode_after_footer_bottom":"","ocean_display_top_bar":"default","ocean_display_header":"default","ocean_header_style":"","ocean_center_header_left_menu":"","ocean_custom_header_template":"","ocean_custom_logo":0,"ocean_custom_retina_logo":0,"ocean_custom_logo_max_width":0,"ocean_custom_logo_tablet_max_width":0,"ocean_custom_logo_mobile_max_width":0,"ocean_custom_logo_max_height":0,"ocean_custom_logo_tablet_max_height":0,"ocean_custom_logo_mobile_max_height":0,"ocean_header_custom_menu":"","ocean_menu_typo_font_family":"","ocean_menu_typo_font_subset":"","ocean_menu_typo_font_size":0,"ocean_menu_typo_font_size_tablet":0,"ocean_menu_typo_font_size_mobile":0,"ocean_menu_typo_font_size_unit":"px","ocean_menu_typo_font_weight":"","ocean_menu_typo_font_weight_tablet":"","ocean_menu_typo_font_weight_mobile":"","ocean_menu_typo_transform":"","ocean_menu_typo_transform_tablet":"","ocean_menu_typo_transform_mobile":"","ocean_menu_typo_line_height":0,"ocean_menu_typo_line_height_tablet":0,"ocean_menu_typo_line_height_mobile":0,"ocean_menu_typo_line_height_unit":"","ocean_menu_typo_spacing":0,"ocean_menu_typo_spacing_tablet":0,"ocean_menu_typo_spacing_mobile":0,"ocean_menu_typo_spacing_unit":"","ocean_menu_link_color":"","ocean_menu_link_color_hover":"","ocean_menu_link_color_active":"","ocean_menu_link_background":"","ocean_menu_link_hover_background":"","ocean_menu_link_active_background":"","ocean_menu_social_links_bg":"","ocean_menu_social_hover_links_bg":"","ocean_menu_social_links_color":"","ocean_menu_social_hover_links_color":"","ocean_disable_title":"default","ocean_disable_heading":"default","ocean_post_title":"","ocean_post_subheading":"","ocean_post_title_style":"","ocean_post_title_background_color":"","ocean_post_title_background":0,"ocean_post_title_bg_image_position":"","ocean_post_title_bg_image_attachment":"","ocean_post_title_bg_image_repeat":"","ocean_post_title_bg_image_size":"","ocean_post_title_height":0,"ocean_post_title_bg_overlay":0.5,"ocean_post_title_bg_overlay_color":"","ocean_disable_breadcrumbs":"default","ocean_breadcrumbs_color":"","ocean_breadcrumbs_separator_color":"","ocean_breadcrumbs_links_color":"","ocean_breadcrumbs_links_hover_color":"","ocean_display_footer_widgets":"default","ocean_display_footer_bottom":"default","ocean_custom_footer_template":"","footnotes":""},"class_list":["post-264","page","type-page","status-publish","hentry","entry"],"yoast_head":"<!-- This site is optimized with the Yoast SEO plugin v24.6 - https:\/\/yoast.com\/wordpress\/plugins\/seo\/ -->\n<title>Corporate - PF Photographie<\/title>\n<meta name=\"robots\" content=\"index, follow, max-snippet:-1, max-image-preview:large, max-video-preview:-1\" \/>\n<link rel=\"canonical\" href=\"https:\/\/pf-photographie.com\/index.php\/corporate\/\" \/>\n<meta property=\"og:locale\" content=\"fr_FR\" \/>\n<meta property=\"og:type\" content=\"article\" \/>\n<meta property=\"og:title\" content=\"Corporate - PF Photographie\" \/>\n<meta property=\"og:description\" content=\"LA PHOTO : UN MEDIA INDISPENSABLE La photographie est aujourd\u2019hui\u00a0un m\u00e9dia indispensable de communication. En r\u00e9unissant vos clients, partenaires, collaborateurs ou la presse,\u00a0faites de vos \u00e9v\u00e9nements un levier de communication puissant\u00a0gr\u00e2ce \u00e0 des images de grande qualit\u00e9. En faisant appel \u00e0 mes services,\u00a0je mets \u00e0 votre disposition ma passion et mes comp\u00e9tences\u00a0de photographe reportage \u00e9v\u00e9nementiel [&hellip;]\" \/>\n<meta property=\"og:url\" content=\"https:\/\/pf-photographie.com\/index.php\/corporate\/\" \/>\n<meta property=\"og:site_name\" content=\"PF Photographie\" \/>\n<meta property=\"article:modified_time\" content=\"2024-12-26T11:03:19+00:00\" \/>\n<meta property=\"og:image\" content=\"https:\/\/pf-photographie.com\/wp-content\/uploads\/2024\/12\/Rallye-1024x573.png\" \/>\n\t<meta property=\"og:image:width\" content=\"1024\" \/>\n\t<meta property=\"og:image:height\" content=\"573\" \/>\n\t<meta property=\"og:image:type\" content=\"image\/png\" \/>\n<meta name=\"twitter:card\" content=\"summary_large_image\" \/>\n<meta name=\"twitter:label1\" content=\"Dur\u00e9e de lecture estim\u00e9e\" \/>\n\t<meta name=\"twitter:data1\" content=\"2 minutes\" \/>\n<script type=\"application\/ld+json\" class=\"yoast-schema-graph\">{\"@context\":\"https:\/\/schema.org\",\"@graph\":[{\"@type\":\"WebPage\",\"@id\":\"https:\/\/pf-photographie.com\/index.php\/corporate\/\",\"url\":\"https:\/\/pf-photographie.com\/index.php\/corporate\/\",\"name\":\"Corporate - PF Photographie\",\"isPartOf\":{\"@id\":\"https:\/\/pf-photographie.com\/#website\"},\"primaryImageOfPage\":{\"@id\":\"https:\/\/pf-photographie.com\/index.php\/corporate\/#primaryimage\"},\"image\":{\"@id\":\"https:\/\/pf-photographie.com\/index.php\/corporate\/#primaryimage\"},\"thumbnailUrl\":\"http:\/\/pf-photographie.com\/wp-content\/uploads\/2024\/12\/Rallye-1024x573.png\",\"datePublished\":\"2024-12-11T22:25:12+00:00\",\"dateModified\":\"2024-12-26T11:03:19+00:00\",\"breadcrumb\":{\"@id\":\"https:\/\/pf-photographie.com\/index.php\/corporate\/#breadcrumb\"},\"inLanguage\":\"fr-FR\",\"potentialAction\":[{\"@type\":\"ReadAction\",\"target\":[\"https:\/\/pf-photographie.com\/index.php\/corporate\/\"]}]},{\"@type\":\"ImageObject\",\"inLanguage\":\"fr-FR\",\"@id\":\"https:\/\/pf-photographie.com\/index.php\/corporate\/#primaryimage\",\"url\":\"https:\/\/pf-photographie.com\/wp-content\/uploads\/2024\/12\/Rallye.png\",\"contentUrl\":\"https:\/\/pf-photographie.com\/wp-content\/uploads\/2024\/12\/Rallye.png\",\"width\":1766,\"height\":988,\"caption\":\"Ev\u00e9nementiel\"},{\"@type\":\"BreadcrumbList\",\"@id\":\"https:\/\/pf-photographie.com\/index.php\/corporate\/#breadcrumb\",\"itemListElement\":[{\"@type\":\"ListItem\",\"position\":1,\"name\":\"Accueil\",\"item\":\"https:\/\/pf-photographie.com\/\"},{\"@type\":\"ListItem\",\"position\":2,\"name\":\"Corporate\"}]},{\"@type\":\"WebSite\",\"@id\":\"https:\/\/pf-photographie.com\/#website\",\"url\":\"https:\/\/pf-photographie.com\/\",\"name\":\"PF Photographie\",\"description\":\"\",\"publisher\":{\"@id\":\"https:\/\/pf-photographie.com\/#organization\"},\"potentialAction\":[{\"@type\":\"SearchAction\",\"target\":{\"@type\":\"EntryPoint\",\"urlTemplate\":\"https:\/\/pf-photographie.com\/?s={search_term_string}\"},\"query-input\":{\"@type\":\"PropertyValueSpecification\",\"valueRequired\":true,\"valueName\":\"search_term_string\"}}],\"inLanguage\":\"fr-FR\"},{\"@type\":\"Organization\",\"@id\":\"https:\/\/pf-photographie.com\/#organization\",\"name\":\"PF Photographie\",\"url\":\"https:\/\/pf-photographie.com\/\",\"logo\":{\"@type\":\"ImageObject\",\"inLanguage\":\"fr-FR\",\"@id\":\"https:\/\/pf-photographie.com\/#\/schema\/logo\/image\/\",\"url\":\"https:\/\/pf-photographie.com\/wp-content\/uploads\/2025\/03\/cropped-logo-1.png\",\"contentUrl\":\"https:\/\/pf-photographie.com\/wp-content\/uploads\/2025\/03\/cropped-logo-1.png\",\"width\":397,\"height\":416,\"caption\":\"PF Photographie\"},\"image\":{\"@id\":\"https:\/\/pf-photographie.com\/#\/schema\/logo\/image\/\"}}]}<\/script>\n<!-- \/ Yoast SEO plugin. -->","yoast_head_json":{"title":"Corporate - PF Photographie","robots":{"index":"index","follow":"follow","max-snippet":"max-snippet:-1","max-image-preview":"max-image-preview:large","max-video-preview":"max-video-preview:-1"},"canonical":"https:\/\/pf-photographie.com\/index.php\/corporate\/","og_locale":"fr_FR","og_type":"article","og_title":"Corporate - PF Photographie","og_description":"LA PHOTO : UN MEDIA INDISPENSABLE La photographie est aujourd\u2019hui\u00a0un m\u00e9dia indispensable de communication. En r\u00e9unissant vos clients, partenaires, collaborateurs ou la presse,\u00a0faites de vos \u00e9v\u00e9nements un levier de communication puissant\u00a0gr\u00e2ce \u00e0 des images de grande qualit\u00e9. En faisant appel \u00e0 mes services,\u00a0je mets \u00e0 votre disposition ma passion et mes comp\u00e9tences\u00a0de photographe reportage \u00e9v\u00e9nementiel [&hellip;]","og_url":"https:\/\/pf-photographie.com\/index.php\/corporate\/","og_site_name":"PF Photographie","article_modified_time":"2024-12-26T11:03:19+00:00","og_image":[{"width":1024,"height":573,"url":"https:\/\/pf-photographie.com\/wp-content\/uploads\/2024\/12\/Rallye-1024x573.png","type":"image\/png"}],"twitter_card":"summary_large_image","twitter_misc":{"Dur\u00e9e de lecture estim\u00e9e":"2 minutes"},"schema":{"@context":"https:\/\/schema.org","@graph":[{"@type":"WebPage","@id":"https:\/\/pf-photographie.com\/index.php\/corporate\/","url":"https:\/\/pf-photographie.com\/index.php\/corporate\/","name":"Corporate - PF Photographie","isPartOf":{"@id":"https:\/\/pf-photographie.com\/#website"},"primaryImageOfPage":{"@id":"https:\/\/pf-photographie.com\/index.php\/corporate\/#primaryimage"},"image":{"@id":"https:\/\/pf-photographie.com\/index.php\/corporate\/#primaryimage"},"thumbnailUrl":"http:\/\/pf-photographie.com\/wp-content\/uploads\/2024\/12\/Rallye-1024x573.png","datePublished":"2024-12-11T22:25:12+00:00","dateModified":"2024-12-26T11:03:19+00:00","breadcrumb":{"@id":"https:\/\/pf-photographie.com\/index.php\/corporate\/#breadcrumb"},"inLanguage":"fr-FR","potentialAction":[{"@type":"ReadAction","target":["https:\/\/pf-photographie.com\/index.php\/corporate\/"]}]},{"@type":"ImageObject","inLanguage":"fr-FR","@id":"https:\/\/pf-photographie.com\/index.php\/corporate\/#primaryimage","url":"https:\/\/pf-photographie.com\/wp-content\/uploads\/2024\/12\/Rallye.png","contentUrl":"https:\/\/pf-photographie.com\/wp-content\/uploads\/2024\/12\/Rallye.png","width":1766,"height":988,"caption":"Ev\u00e9nementiel"},{"@type":"BreadcrumbList","@id":"https:\/\/pf-photographie.com\/index.php\/corporate\/#breadcrumb","itemListElement":[{"@type":"ListItem","position":1,"name":"Accueil","item":"https:\/\/pf-photographie.com\/"},{"@type":"ListItem","position":2,"name":"Corporate"}]},{"@type":"WebSite","@id":"https:\/\/pf-photographie.com\/#website","url":"https:\/\/pf-photographie.com\/","name":"PF Photographie","description":"","publisher":{"@id":"https:\/\/pf-photographie.com\/#organization"},"potentialAction":[{"@type":"SearchAction","target":{"@type":"EntryPoint","urlTemplate":"https:\/\/pf-photographie.com\/?s={search_term_string}"},"query-input":{"@type":"PropertyValueSpecification","valueRequired":true,"valueName":"search_term_string"}}],"inLanguage":"fr-FR"},{"@type":"Organization","@id":"https:\/\/pf-photographie.com\/#organization","name":"PF Photographie","url":"https:\/\/pf-photographie.com\/","logo":{"@type":"ImageObject","inLanguage":"fr-FR","@id":"https:\/\/pf-photographie.com\/#\/schema\/logo\/image\/","url":"https:\/\/pf-photographie.com\/wp-content\/uploads\/2025\/03\/cropped-logo-1.png","contentUrl":"https:\/\/pf-photographie.com\/wp-content\/uploads\/2025\/03\/cropped-logo-1.png","width":397,"height":416,"caption":"PF Photographie"},"image":{"@id":"https:\/\/pf-photographie.com\/#\/schema\/logo\/image\/"}}]}},"_links":{"self":[{"href":"https:\/\/pf-photographie.com\/index.php\/wp-json\/wp\/v2\/pages\/264","targetHints":{"allow":["GET"]}}],"collection":[{"href":"https:\/\/pf-photographie.com\/index.php\/wp-json\/wp\/v2\/pages"}],"about":[{"href":"https:\/\/pf-photographie.com\/index.php\/wp-json\/wp\/v2\/types\/page"}],"author":[{"embeddable":true,"href":"https:\/\/pf-photographie.com\/index.php\/wp-json\/wp\/v2\/users\/1"}],"replies":[{"embeddable":true,"href":"https:\/\/pf-photographie.com\/index.php\/wp-json\/wp\/v2\/comments?post=264"}],"version-history":[{"count":19,"href":"https:\/\/pf-photographie.com\/index.php\/wp-json\/wp\/v2\/pages\/264\/revisions"}],"predecessor-version":[{"id":837,"href":"https:\/\/pf-photographie.com\/index.php\/wp-json\/wp\/v2\/pages\/264\/revisions\/837"}],"wp:attachment":[{"href":"https:\/\/pf-photographie.com\/index.php\/wp-json\/wp\/v2\/media?parent=264"}],"curies":[{"name":"wp","href":"https:\/\/api.w.org\/{rel}","templated":true}]}}